{"id":2,"date":"2024-03-21T14:20:46","date_gmt":"2024-03-21T14:20:46","guid":{"rendered":"http:\/\/embodiedagility.de\/?page_id=2"},"modified":"2025-01-29T14:09:32","modified_gmt":"2025-01-29T14:09:32","slug":"de-home","status":"publish","type":"page","link":"http:\/\/embodiedagility.de\/de\/de-home\/","title":{"rendered":"Gabriele Reuter | Team Performance und Embodied Leadership"},"content":{"rendered":"\n<p><\/p>\n\n\n\n<p class=\"has-background\" style=\"background-color:#56bbad\"><strong>Jeder Change Prozess ist auch ein k\u00f6rperlicher Prozess. Ver\u00e4nderung will nicht nur im Kopf verstanden, sondern auch in Herz, Bauch und Beinen gesp\u00fcrt werden.<\/strong><\/p>\n\n\n\n<p>Agile Transformationsprozesse stehen f\u00fcr Beweglichkeit und Anpassungsf\u00e4higkeit im Denken und Handeln. Das geht einher mit einem intensiven Kulturwandel, der allen Beteiligten viel individuelle und kollektive Reflektion abfordert.<\/p>\n\n\n\n<p>Dabei werden Schlagworte des Wandels schnell zur leeren H\u00fclle, wenn Teams im Laufe eines Change Prozesses ihren inneren Zusammenhalt verlieren, und F\u00fchrungskr\u00e4fte den hohen Bedarf an emotional zugewandter Kommunikation nicht leisten k\u00f6nnten. <\/p>\n\n\n\n<p class=\"has-background\" style=\"background-color:#56bbad\"><strong>Embodied Leadership ist die Kunst, R\u00e4ume f\u00fcr Ver\u00e4nderung zu schaffen und zu halten.<\/strong><\/p>\n\n\n\n<p>Ich habe mich darauf spezialisiert, Teams im Agilen Umfeld in einen kollektiven Arbeitsfluss zu bringen. Mein Ansatz des <strong><a href=\"https:\/\/embodiedagility.de\/de\/de-home\/de-was-ist-embodied-agility\/\" data-type=\"page\" data-id=\"16\">Embodied Agility<\/a><\/strong>, bietet einen einzigartigen Zugang f\u00fcr <strong>F\u00fchrungskr\u00e4fte und Teams<\/strong> an, der k\u00fcnstlerisch-choreografisches K\u00f6rperwissen mit Systemischem Teamcoaching verbindet.<\/p>\n\n\n\n<p>Die Teams werden dabei <strong>durch<\/strong> <strong>Embodiment- und Bewegungsmethoden <\/strong>auf der non-verbalen Kommunikationsebene angesprochen und in ihrem sozialen Zusammenhalt gest\u00e4rkt. Eingefahrene Kommunikationsmuster und Widerst\u00e4nde werden dabei oft schneller und effizienter als \u00fcber kognitive Prozesse spielerisch entschl\u00fcsselt und beweglich gemacht.<\/p>\n\n\n\n<figure class=\"wp-block-image aligncenter size-large is-resized\"><img fetchpriority=\"high\" decoding=\"async\" width=\"1024\" height=\"123\" src=\"http:\/\/embodiedagility.de\/wp-content\/uploads\/2024\/03\/TouInvPlakat_SJahnkeOhneBeschnitt_dl5-1024x123.jpg\" alt=\"\" class=\"wp-image-131\" style=\"width:1000px;height:auto\" srcset=\"https:\/\/embodiedagility.de\/wp-content\/uploads\/2024\/03\/TouInvPlakat_SJahnkeOhneBeschnitt_dl5-1024x123.jpg 1024w, https:\/\/embodiedagility.de\/wp-content\/uploads\/2024\/03\/TouInvPlakat_SJahnkeOhneBeschnitt_dl5-300x36.jpg 300w, https:\/\/embodiedagility.de\/wp-content\/uploads\/2024\/03\/TouInvPlakat_SJahnkeOhneBeschnitt_dl5-768x92.jpg 768w, https:\/\/embodiedagility.de\/wp-content\/uploads\/2024\/03\/TouInvPlakat_SJahnkeOhneBeschnitt_dl5-1536x185.jpg 1536w, https:\/\/embodiedagility.de\/wp-content\/uploads\/2024\/03\/TouInvPlakat_SJahnkeOhneBeschnitt_dl5-2048x246.jpg 2048w\" sizes=\"(max-width: 1024px) 100vw, 1024px\" \/><\/figure>\n\n\n\n<p>Diese Grundprinzipien meiner Arbeit werden zu einem auf ihren Bedarf individuell angepassten<strong> <a href=\"https:\/\/embodiedagility.de\/de\/de-home\/de-was-ist-embodied-agility\/\" data-type=\"page\" data-id=\"16\">Angebot<\/a><\/strong> kombiniert, das sich vom kurzen Training oder Workshop bis hin zur langfristigen Projektbegleitungen entwickeln kann.&nbsp;<\/p>\n\n\n\n<p>Je nach Bedarf arbeite ich mit F\u00fchrungskr\u00e4ften in 1 zu 1 Coachings, Trainings f\u00fcr offenen Gruppen oder langfristig mit festen Teams. Ich unterst\u00fctze z.B.  Team Leads und Scrum Master bei der Moderation von neuen Formaten f\u00fcr Retrospektiven und neue Teams dabei, sich aufzustellen. Feinf\u00fchligkeit, Humor und eine Faszination f\u00fcr Menschen begleiten mich in allen diesen Formen der Zusammenarbeit.<\/p>\n\n\n\n<p>Bei Auftr\u00e4gen mit gr\u00f6\u00dferen Teams arbeite ich gerne im Duo mit Expert:innen aus meinem Netzwerk an Agilen Coaches, Design Thinkern, Konfliktmediator:innen, sowie Expert:innen f\u00fcr Diversit\u00e4tssensibilisierung, Access und Equity Themen.<\/p>\n\n\n\n<hr class=\"wp-block-separator has-text-color has-alpha-channel-opacity has-background\" style=\"background-color:#ec2e27;color:#ec2e27\"\/>\n\n\n<div class=\"glsr glsr-default\" id=\"glsr_acd6f107\" data-from=\"block\" data-shortcode=\"site_reviews\" data-assigned_terms=\"22\" data-hide=\"title,date,avatar\"><div class=\"glsr-reviews-wrap\">\n    <div class=\"glsr-reviews\">\n        <div class=\"glsr-review\" data-type=\"local\" id=\"review-289\" data-assigned='{\"assigned_terms\":[22]}'>\n    \n    <div class=\"glsr-review-rating\"><div class=\"glsr-star-rating glsr-stars\" role=\"img\" aria-label=\"Rated 5 out of 5 stars\" data-rating=\"5\" data-reviews=\"0\"><span class=\"glsr-star glsr-star-full\" aria-hidden=\"true\"><\/span><span class=\"glsr-star glsr-star-full\" aria-hidden=\"true\"><\/span><span class=\"glsr-star glsr-star-full\" aria-hidden=\"true\"><\/span><span class=\"glsr-star glsr-star-full\" aria-hidden=\"true\"><\/span><span class=\"glsr-star glsr-star-full\" aria-hidden=\"true\"><\/span><\/div><\/div> \n    \n    <div class=\"glsr-review-content\"><div class=\"glsr-tag-value\" data-expanded=\"false\"><p class=\"glsr-hidden-text\" data-show-less=\"Weniger anzeigen\" data-show-more=\"Mehr anzeigen\" data-trigger=\"modal\">Gabriele begleitet unsere Institution schon eine Weile in einem langfristigen Change Prozess, gleichzeitig coacht sie sowohl das Team als auch einzelne Mitarbeitende kurzfristig zu spezifischen Projekten, Konflikten oder Fragestellungen. Sie schafft es, sehr unterschiedliche Charaktere und das Miteinander zu begreifen, alle Beteiligten einzubeziehen, tiefes Vertrauen aufzubauen und Reflektionen anzusto\u00dfen. Dabei versteht sie komplexe Zusammenh\u00e4nge und<span class=\"glsr-hidden\"> ineinandergreifende Prozesse sehr schnell, bringt diese zudem immer wieder auf den Punkt und verliert das Ziel nicht aus den Augen.<\/span><\/p>\n<p class=\"glsr-hidden\">Mit ihrem Humor, ihrer Klarheit und ihrer hohen Empathief\u00e4higkeit gelingt es ihr, auch in herausfordernden Situationen einen Raum der Sicherheit und m\u00f6glichen Weiterentwicklung zu kreieren und zu halten. Sie bezieht spannende Methoden des Agile Coachings, Design Thinkings und der K\u00f6rperarbeit ein, und reagiert gleichzeitig immer offen und flexibel auf alles, was im Prozess entsteht. Wir sind Gabriele sehr dankbar f\u00fcr die bereichernde und nachhaltige Zusammenarbeit!<\/p><\/div><\/div>\n     <div class=\"glsr-review-author\"><span class=\"glsr-tag-value\">Janina, People &#038; Culture Managerin, Tanzfabrik Berlin Kreuzberg<\/span><\/div> \n    \n<\/div>\n<div class=\"glsr-review\" data-type=\"local\" id=\"review-287\" data-assigned='{\"assigned_terms\":[22]}'>\n    \n    <div class=\"glsr-review-rating\"><div class=\"glsr-star-rating glsr-stars\" role=\"img\" aria-label=\"Rated 5 out of 5 stars\" data-rating=\"5\" data-reviews=\"0\"><span class=\"glsr-star glsr-star-full\" aria-hidden=\"true\"><\/span><span class=\"glsr-star glsr-star-full\" aria-hidden=\"true\"><\/span><span class=\"glsr-star glsr-star-full\" aria-hidden=\"true\"><\/span><span class=\"glsr-star glsr-star-full\" aria-hidden=\"true\"><\/span><span class=\"glsr-star glsr-star-full\" aria-hidden=\"true\"><\/span><\/div><\/div> \n    \n    <div class=\"glsr-review-content\"><div class=\"glsr-tag-value\" data-expanded=\"false\"><p>Gabrieles Workshop war gro\u00dfartig &#8211; ihre Kombination aus technischer Szenarienplanung und Performance-F\u00e4higkeiten hat mir geholfen, Zukunftsvisionen greifbarer und umsetzbarer zu machen. Super produktiv und locker zugleich &#8211; so m\u00fcssen Workshops sein!<\/p><\/div><\/div>\n     <div class=\"glsr-review-author\"><span class=\"glsr-tag-value\">Teilenehmer beim \u201eFuture Narratives\u201c Workshop, Hertie Innovationskolleg Berlin<\/span><\/div> \n    \n<\/div>\n    <\/div>\n    \n<\/div><\/div>","protected":false},"excerpt":{"rendered":"<p>Jeder Change Prozess ist auch ein k\u00f6rperlicher Prozess. Ver\u00e4nderung will nicht nur im Kopf verstanden, sondern auch in Herz, Bauch und Beinen gesp\u00fcrt werden. Agile Transformationsprozesse stehen f\u00fcr Beweglichkeit und Anpassungsf\u00e4higkeit im Denken und Handeln. Das geht einher mit einem intensiven Kulturwandel, der allen Beteiligten viel individuelle und kollektive Reflektion abfordert. Dabei werden Schlagworte des [&hellip;]<\/p>\n","protected":false},"author":2,"featured_media":0,"parent":0,"menu_order":0,"comment_status":"closed","ping_status":"closed","template":"","meta":{"_glsr_average":0,"_glsr_ranking":0,"_glsr_reviews":0,"footnotes":""},"_links":{"self":[{"href":"https:\/\/embodiedagility.de\/de\/de-home\/wp-json\/wp\/v2\/pages\/2"}],"collection":[{"href":"https:\/\/embodiedagility.de\/de\/de-home\/wp-json\/wp\/v2\/pages"}],"about":[{"href":"https:\/\/embodiedagility.de\/de\/de-home\/wp-json\/wp\/v2\/types\/page"}],"author":[{"embeddable":true,"href":"https:\/\/embodiedagility.de\/de\/de-home\/wp-json\/wp\/v2\/users\/2"}],"replies":[{"embeddable":true,"href":"https:\/\/embodiedagility.de\/de\/de-home\/wp-json\/wp\/v2\/comments?post=2"}],"version-history":[{"count":22,"href":"https:\/\/embodiedagility.de\/de\/de-home\/wp-json\/wp\/v2\/pages\/2\/revisions"}],"predecessor-version":[{"id":408,"href":"https:\/\/embodiedagility.de\/de\/de-home\/wp-json\/wp\/v2\/pages\/2\/revisions\/408"}],"wp:attachment":[{"href":"https:\/\/embodiedagility.de\/de\/de-home\/wp-json\/wp\/v2\/media?parent=2"}],"curies":[{"name":"wp","href":"https:\/\/api.w.org\/{rel}","templated":true}]}}

<p></p>



<p class="has-background" style="background-color:#56bbad"><strong>Jeder Change Prozess ist auch ein körperlicher Prozess. Veränderung will nicht nur im Kopf verstanden, sondern auch in Herz, Bauch und Beinen gespürt werden.</strong></p>



<p>Agile Transformationsprozesse stehen für Beweglichkeit und Anpassungsfähigkeit im Denken und Handeln. Das geht einher mit einem intensiven Kulturwandel, der allen Beteiligten viel individuelle und kollektive Reflektion abfordert.</p>



<p>Dabei werden Schlagworte des Wandels schnell zur leeren Hülle, wenn Teams im Laufe eines Change Prozesses ihren inneren Zusammenhalt verlieren, und Führungskräfte den hohen Bedarf an emotional zugewandter Kommunikation nicht leisten könnten. </p>



<p class="has-background" style="background-color:#56bbad"><strong>Embodied Leadership ist die Kunst, Räume für Veränderung zu schaffen und zu halten.</strong></p>



<p>Ich habe mich darauf spezialisiert, Teams im Agilen Umfeld in einen kollektiven Arbeitsfluss zu bringen. Mein Ansatz des <strong><a href="https://embodiedagility.de/de/de-home/de-was-ist-embodied-agility/" data-type="page" data-id="16">Embodied Agility</a></strong>, bietet einen einzigartigen Zugang für <strong>Führungskräfte und Teams</strong> an, der künstlerisch-choreografisches Körperwissen mit Systemischem Teamcoaching verbindet.</p>



<p>Die Teams werden dabei <strong>durch</strong> <strong>Embodiment- und Bewegungsmethoden </strong>auf der non-verbalen Kommunikationsebene angesprochen und in ihrem sozialen Zusammenhalt gestärkt. Eingefahrene Kommunikationsmuster und Widerstände werden dabei oft schneller und effizienter als über kognitive Prozesse spielerisch entschlüsselt und beweglich gemacht.</p>



<figure class="wp-block-image aligncenter size-large is-resized"><img fetchpriority="high" decoding="async" width="1024" height="123" src="http://embodiedagility.de/wp-content/uploads/2024/03/TouInvPlakat_SJahnkeOhneBeschnitt_dl5-1024x123.jpg" alt="" class="wp-image-131" style="width:1000px;height:auto" srcset="https://embodiedagility.de/wp-content/uploads/2024/03/TouInvPlakat_SJahnkeOhneBeschnitt_dl5-1024x123.jpg 1024w, https://embodiedagility.de/wp-content/uploads/2024/03/TouInvPlakat_SJahnkeOhneBeschnitt_dl5-300x36.jpg 300w, https://embodiedagility.de/wp-content/uploads/2024/03/TouInvPlakat_SJahnkeOhneBeschnitt_dl5-768x92.jpg 768w, https://embodiedagility.de/wp-content/uploads/2024/03/TouInvPlakat_SJahnkeOhneBeschnitt_dl5-1536x185.jpg 1536w, https://embodiedagility.de/wp-content/uploads/2024/03/TouInvPlakat_SJahnkeOhneBeschnitt_dl5-2048x246.jpg 2048w" sizes="(max-width: 1024px) 100vw, 1024px" /></figure>



<p>Diese Grundprinzipien meiner Arbeit werden zu einem auf ihren Bedarf individuell angepassten<strong> <a href="https://embodiedagility.de/de/de-home/de-was-ist-embodied-agility/" data-type="page" data-id="16">Angebot</a></strong> kombiniert, das sich vom kurzen Training oder Workshop bis hin zur langfristigen Projektbegleitungen entwickeln kann.&nbsp;</p>



<p>Je nach Bedarf arbeite ich mit Führungskräften in 1 zu 1 Coachings, Trainings für offenen Gruppen oder langfristig mit festen Teams. Ich unterstütze z.B.  Team Leads und Scrum Master bei der Moderation von neuen Formaten für Retrospektiven und neue Teams dabei, sich aufzustellen. Feinfühligkeit, Humor und eine Faszination für Menschen begleiten mich in allen diesen Formen der Zusammenarbeit.</p>



<p>Bei Aufträgen mit größeren Teams arbeite ich gerne im Duo mit Expert:innen aus meinem Netzwerk an Agilen Coaches, Design Thinkern, Konfliktmediator:innen, sowie Expert:innen für Diversitätssensibilisierung, Access und Equity Themen.</p>



<hr class="wp-block-separator has-text-color has-alpha-channel-opacity has-background" style="background-color:#ec2e27;color:#ec2e27"/>


<div class="glsr glsr-default" id="glsr_acd6f107" data-from="block" data-shortcode="site_reviews" data-assigned_terms="22" data-hide="title,date,avatar"><div class="glsr-reviews-wrap">
    <div class="glsr-reviews">
        <div class="glsr-review" data-type="local" id="review-289" data-assigned='{"assigned_terms":[22]}'>
    
    <div class="glsr-review-rating"><div class="glsr-star-rating glsr-stars" role="img" aria-label="Rated 5 out of 5 stars" data-rating="5" data-reviews="0"><span class="glsr-star glsr-star-full" aria-hidden="true"></span><span class="glsr-star glsr-star-full" aria-hidden="true"></span><span class="glsr-star glsr-star-full" aria-hidden="true"></span><span class="glsr-star glsr-star-full" aria-hidden="true"></span><span class="glsr-star glsr-star-full" aria-hidden="true"></span></div></div> 
    
    <div class="glsr-review-content"><div class="glsr-tag-value" data-expanded="false"><p class="glsr-hidden-text" data-show-less="Weniger anzeigen" data-show-more="Mehr anzeigen" data-trigger="modal">Gabriele begleitet unsere Institution schon eine Weile in einem langfristigen Change Prozess, gleichzeitig coacht sie sowohl das Team als auch einzelne Mitarbeitende kurzfristig zu spezifischen Projekten, Konflikten oder Fragestellungen. Sie schafft es, sehr unterschiedliche Charaktere und das Miteinander zu begreifen, alle Beteiligten einzubeziehen, tiefes Vertrauen aufzubauen und Reflektionen anzustoßen. Dabei versteht sie komplexe Zusammenhänge und<span class="glsr-hidden"> ineinandergreifende Prozesse sehr schnell, bringt diese zudem immer wieder auf den Punkt und verliert das Ziel nicht aus den Augen.</span></p>
<p class="glsr-hidden">Mit ihrem Humor, ihrer Klarheit und ihrer hohen Empathiefähigkeit gelingt es ihr, auch in herausfordernden Situationen einen Raum der Sicherheit und möglichen Weiterentwicklung zu kreieren und zu halten. Sie bezieht spannende Methoden des Agile Coachings, Design Thinkings und der Körperarbeit ein, und reagiert gleichzeitig immer offen und flexibel auf alles, was im Prozess entsteht. Wir sind Gabriele sehr dankbar für die bereichernde und nachhaltige Zusammenarbeit!</p></div></div>
     <div class="glsr-review-author"><span class="glsr-tag-value">Janina, People &#038; Culture Managerin, Tanzfabrik Berlin Kreuzberg</span></div> 
    
</div>
<div class="glsr-review" data-type="local" id="review-287" data-assigned='{"assigned_terms":[22]}'>
    
    <div class="glsr-review-rating"><div class="glsr-star-rating glsr-stars" role="img" aria-label="Rated 5 out of 5 stars" data-rating="5" data-reviews="0"><span class="glsr-star glsr-star-full" aria-hidden="true"></span><span class="glsr-star glsr-star-full" aria-hidden="true"></span><span class="glsr-star glsr-star-full" aria-hidden="true"></span><span class="glsr-star glsr-star-full" aria-hidden="true"></span><span class="glsr-star glsr-star-full" aria-hidden="true"></span></div></div> 
    
    <div class="glsr-review-content"><div class="glsr-tag-value" data-expanded="false"><p>Gabrieles Workshop war großartig &#8211; ihre Kombination aus technischer Szenarienplanung und Performance-Fähigkeiten hat mir geholfen, Zukunftsvisionen greifbarer und umsetzbarer zu machen. Super produktiv und locker zugleich &#8211; so müssen Workshops sein!</p></div></div>
     <div class="glsr-review-author"><span class="glsr-tag-value">Teilenehmer beim „Future Narratives“ Workshop, Hertie Innovationskolleg Berlin</span></div> 
    
</div>
    </div>
    
</div></div>

<p>Jeder Change Prozess ist auch ein körperlicher Prozess. Veränderung will nicht nur im Kopf verstanden, sondern auch in Herz, Bauch und Beinen gespürt werden. Agile Transformationsprozesse stehen für Beweglichkeit und Anpassungsfähigkeit im Denken und Handeln. Das geht einher mit einem intensiven Kulturwandel, der allen Beteiligten viel individuelle und kollektive Reflektion abfordert. Dabei werden Schlagworte des [&hellip;]</p>
